{"version":"1.0","provider_name":"SIDA Canada","provider_url":"https:\/\/www.aidscanada.ca\/fr\/","author_name":"Adam White","author_url":"https:\/\/www.aidscanada.ca\/fr\/author\/adamjmr-ca\/","title":"Le VIH et le bien-\u00eatre \u00e9motionnel - SIDA Canada","type":"rich","width":600,"height":338,"html":"<blockquote class=\"wp-embedded-content\" data-secret=\"giEN5OV8IS\"><a href=\"https:\/\/www.aidscanada.ca\/fr\/resource\/le-vih-et-le-bien-etre-emotionnel\/\">Le VIH et le bien-\u00eatre \u00e9motionnel<\/a><\/blockquote><iframe sandbox=\"allow-scripts\" security=\"restricted\" src=\"https:\/\/www.aidscanada.ca\/fr\/resource\/le-vih-et-le-bien-etre-emotionnel\/embed\/#?secret=giEN5OV8IS\" width=\"600\" height=\"338\" title=\"\u00ab\u00a0Le VIH et le bien-\u00eatre \u00e9motionnel\u00a0\u00bb &#8212; SIDA Canada\" data-secret=\"giEN5OV8IS\" frameborder=\"0\" marginwidth=\"0\" marginheight=\"0\" scrolling=\"no\" class=\"wp-embedded-content\"><\/iframe><script type=\"text\/javascript\">\n\/* <![CDATA[ *\/\n\/*! This file is auto-generated *\/\n!function(d,l){\"use strict\";l.querySelector&&d.addEventListener&&\"undefined\"!=typeof URL&&(d.wp=d.wp||{},d.wp.receiveEmbedMessage||(d.wp.receiveEmbedMessage=function(e){var t=e.data;if((t||t.secret||t.message||t.value)&&!\/[^a-zA-Z0-9]\/.test(t.secret)){for(var s,r,n,a=l.querySelectorAll('iframe[data-secret=\"'+t.secret+'\"]'),o=l.querySelectorAll('blockquote[data-secret=\"'+t.secret+'\"]'),c=new RegExp(\"^https?:$\",\"i\"),i=0;i<o.length;i++)o[i].style.display=\"none\";for(i=0;i<a.length;i++)s=a[i],e.source===s.contentWindow&&(s.removeAttribute(\"style\"),\"height\"===t.message?(1e3<(r=parseInt(t.value,10))?r=1e3:~~r<200&&(r=200),s.height=r):\"link\"===t.message&&(r=new URL(s.getAttribute(\"src\")),n=new URL(t.value),c.test(n.protocol))&&n.host===r.host&&l.activeElement===s&&(d.top.location.href=t.value))}},d.addEventListener(\"message\",d.wp.receiveEmbedMessage,!1),l.addEventListener(\"DOMContentLoaded\",function(){for(var e,t,s=l.querySelectorAll(\"iframe.wp-embedded-content\"),r=0;r<s.length;r++)(t=(e=s[r]).getAttribute(\"data-secret\"))||(t=Math.random().toString(36).substring(2,12),e.src+=\"#?secret=\"+t,e.setAttribute(\"data-secret\",t)),e.contentWindow.postMessage({message:\"ready\",secret:t},\"*\")},!1)))}(window,document);\n\/\/# sourceURL=https:\/\/www.aidscanada.ca\/wp-includes\/js\/wp-embed.min.js\n\/* ]]> *\/\n<\/script>\n","description":"Cette ressource pour les personnes vivant avec le VIH explore les probl\u00e8mes de sant\u00e9 affective courants, tels que le stress, l\u2019anxi\u00e9t\u00e9, la d\u00e9pression et les d\u00e9pendances. Elle offre des conseils pratiques sur la fa\u00e7on d\u2019arriver \u00e0 avoir et \u00e0 maintenir un esprit sain dans un corps sain."}

Le VIH et le bien-être émotionnel - SIDA Canada

<blockquote class="wp-embedded-content" data-secret="giEN5OV8IS"><a href="https://www.aidscanada.ca/fr/resource/le-vih-et-le-bien-etre-emotionnel/">Le VIH et le bien-être émotionnel</a></blockquote><iframe sandbox="allow-scripts" security="restricted" src="https://www.aidscanada.ca/fr/resource/le-vih-et-le-bien-etre-emotionnel/embed/#?secret=giEN5OV8IS" width="600" height="338" title="« Le VIH et le bien-être émotionnel » &#8212; SIDA Canada" data-secret="giEN5OV8IS" frameborder="0" marginwidth="0" marginheight="0" scrolling="no" class="wp-embedded-content"></iframe><script type="text/javascript">
/* <![CDATA[ */
/*! This file is auto-generated */
!function(d,l){"use strict";l.querySelector&&d.addEventListener&&"undefined"!=typeof URL&&(d.wp=d.wp||{},d.wp.receiveEmbedMessage||(d.wp.receiveEmbedMessage=function(e){var t=e.data;if((t||t.secret||t.message||t.value)&&!/[^a-zA-Z0-9]/.test(t.secret)){for(var s,r,n,a=l.querySelectorAll('iframe[data-secret="'+t.secret+'"]'),o=l.querySelectorAll('blockquote[data-secret="'+t.secret+'"]'),c=new RegExp("^https?:$","i"),i=0;i<o.length;i++)o[i].style.display="none";for(i=0;i<a.length;i++)s=a[i],e.source===s.contentWindow&&(s.removeAttribute("style"),"height"===t.message?(1e3<(r=parseInt(t.value,10))?r=1e3:~~r<200&&(r=200),s.height=r):"link"===t.message&&(r=new URL(s.getAttribute("src")),n=new URL(t.value),c.test(n.protocol))&&n.host===r.host&&l.activeElement===s&&(d.top.location.href=t.value))}},d.addEventListener("message",d.wp.receiveEmbedMessage,!1),l.addEventListener("DOMContentLoaded",function(){for(var e,t,s=l.querySelectorAll("iframe.wp-embedded-content"),r=0;r<s.length;r++)(t=(e=s[r]).getAttribute("data-secret"))||(t=Math.random().toString(36).substring(2,12),e.src+="#?secret="+t,e.setAttribute("data-secret",t)),e.contentWindow.postMessage({message:"ready",secret:t},"*")},!1)))}(window,document);
//# sourceURL=https://www.aidscanada.ca/wp-includes/js/wp-embed.min.js
/* ]]> */
</script>

Cette ressource pour les personnes vivant avec le VIH explore les problèmes de santé affective courants, tels que le stress, l’anxiété, la dépression et les dépendances. Elle offre des conseils pratiques sur la façon d’arriver à avoir et à maintenir un esprit sain dans un corps sain.
