{"id":866,"date":"2025-02-21T10:21:01","date_gmt":"2025-02-21T15:21:01","guid":{"rendered":"https:\/\/www.aidscanada.ca\/?page_id=866"},"modified":"2025-02-21T10:27:04","modified_gmt":"2025-02-21T15:27:04","slug":"stigmatisation","status":"publish","type":"page","link":"https:\/\/www.aidscanada.ca\/fr\/stigmatisation\/","title":{"rendered":"Stigmatisation"},"content":{"rendered":"\n<figure class=\"wp-block-embed is-type-video is-provider-youtube wp-block-embed-youtube wp-embed-aspect-16-9 wp-has-aspect-ratio\"><div class=\"wp-block-embed__wrapper\">\n<iframe loading=\"lazy\" title=\"Global Lessons, Local Actions: Harvey Michele\" width=\"500\" height=\"281\" src=\"https:\/\/www.youtube.com\/embed\/GB2QvhEVWlc?feature=oembed\" frameborder=\"0\" allow=\"accelerometer; autoplay; clipboard-write; encrypted-media; gyroscope; picture-in-picture; web-share\" referrerpolicy=\"strict-origin-when-cross-origin\" allowfullscreen><\/iframe>\n<\/div><\/figure>\n\n\n\n<div class=\"video-title\">\n  <div class=\"video-title-name\">Harvey Michele<\/div>\n  <div class=\"video-title-location\">Montr\u00e9al (Qu\u00e9bec)<\/div>\n<\/div>\n\n\n\n<h2 class=\"wp-block-heading\">La stigmatisation et la discrimination li\u00e9es au VIH ont un impact significatif sur la sant\u00e9 et le bien-\u00eatre des personnes qui vivent avec le VIH ou qui risquent d&rsquo;\u00eatre expos\u00e9es au virus<\/h2>\n\n\n\n<p>La stigmatisation li\u00e9e au VIH d\u00e9coule souvent de la peur, du manque de connaissances et des pr\u00e9jug\u00e9s existants \u00e0 l&rsquo;\u00e9gard des groupes de personnes les plus touch\u00e9s par le virus. Il s&rsquo;agit notamment des hommes gais, bisexuels et autres hommes ayant des rapports sexuels avec des hommes, des peuples autochtones et des consommateurs de drogues injectables.<\/p>\n\n\n\n<p>\u200bLa stigmatisation peut emp\u00eacher les gens de parler ouvertement du VIH avec les prestataires de soins de sant\u00e9 et peut rendre plus difficile le fait de se faire tester r\u00e9guli\u00e8rement et de connaitre leur statut. Cela peut \u00e9galement amener les personnes vivant avec le VIH \u00e0 se sentir mal \u00e0 l&rsquo;aise de divulguer leur statut \u00e0 leurs partenaires, car leurs partenaires peuvent r\u00e9agir de mani\u00e8re n\u00e9gative.<\/p>\n\n\n\n<p>\u200bLes \u00e9pid\u00e9mies s&rsquo;accompagnent souvent de la r\u00e9\u00e9mergence de st\u00e9r\u00e9otypes n\u00e9fastes et d&rsquo;une discrimination accrue contre les populations en qu\u00eate d&rsquo;\u00e9quit\u00e9. Pendant la COVID-19 et le SRAS, par exemple, les communaut\u00e9s asiatiques ont souvent \u00e9t\u00e9 la cible de racisme et de crimes haineux. Il est essentiel de contrer et de combattre les r\u00e9cits nuisibles qui d\u00e9shumanisent des groupes de personnes pour contrer la stigmatisation.<\/p>\n\n\n\n<figure class=\"wp-block-embed is-type-video is-provider-youtube wp-block-embed-youtube wp-embed-aspect-16-9 wp-has-aspect-ratio\"><div class=\"wp-block-embed__wrapper\">\n<iframe loading=\"lazy\" title=\"Global Lessons, Local Actions: Muluba Habanyama\" width=\"500\" height=\"281\" src=\"https:\/\/www.youtube.com\/embed\/LIo9oVlD03E?feature=oembed\" frameborder=\"0\" allow=\"accelerometer; autoplay; clipboard-write; encrypted-media; gyroscope; picture-in-picture; web-share\" referrerpolicy=\"strict-origin-when-cross-origin\" allowfullscreen><\/iframe>\n<\/div><\/figure>\n\n\n\n<div class=\"video-title\">\n  <div class=\"video-title-name\">Muluba Habanyama<\/div>\n  <div class=\"video-title-location\">Toronto (Ontario)<\/div>\n<\/div>\n\n\n\n<h2 class=\"wp-block-heading\">Pour en savoir davantage au sujet de la stigmatisation<\/h2>\n\n\n\n<ul class=\"wp-block-list\">\n<li><a href=\"https:\/\/www.canada.ca\/fr\/sante-publique\/organisation\/publications\/rapports-etat-sante-publique-canada-administrateur-chef-sante-publique\/lutte-contre-stigmatisation-vers-systeme-sante-plus-inclusif.html\" target=\"_blank\" rel=\"noreferrer noopener\"><strong>Lutte contre la stigmatisation : vers un syst\u00e8me de sant\u00e9 plus inclusif<\/strong><\/a><\/li>\n\n\n\n<li><a href=\"https:\/\/www.catie.ca\/fr\/ii-guide-a-lintention-des-fournisseurs-de-services\/lutter-contre-la-stigmatisation-et-la-discrimination-liees-au-vih\" target=\"_blank\" rel=\"noreferrer noopener\"><strong>Lutter contre la stigmatisation et la discrimination li\u00e9es au VIH<\/strong><\/a><\/li>\n\n\n\n<li><a href=\"https:\/\/www.unaids.org\/sites\/default\/files\/media_asset\/07-hiv-human-rights-factsheet-stigma-discrmination_fr.pdf\" target=\"_blank\" rel=\"noreferrer noopener\"><strong>Le VIH, la stigmatisation et la discrimination<\/strong><\/a><\/li>\n\n\n\n<li><a href=\"https:\/\/www.reachnexus.ca\/deep-dive\/the-canadian-hiv-stigma-index-project-ontario-implementation\" target=\"_blank\" rel=\"noreferrer noopener\"><strong>The Canadian HIV Stigma Index Project<\/strong><\/a><\/li>\n<\/ul>\n\n\n\n<p><\/p>\n","protected":false},"excerpt":{"rendered":"<p>La stigmatisation et la discrimination li\u00e9es au VIH ont un impact significatif sur la sant\u00e9 et le bien-\u00eatre des personnes qui vivent avec le VIH ou qui risquent d&rsquo;\u00eatre expos\u00e9es au virus La stigmatisation li\u00e9e au VIH d\u00e9coule souvent de la peur, du manque de connaissances et des pr\u00e9jug\u00e9s existants \u00e0 l&rsquo;\u00e9gard des groupes de [&hellip;]<\/p>\n","protected":false},"author":3,"featured_media":0,"parent":0,"menu_order":0,"comment_status":"closed","ping_status":"closed","template":"","meta":{"_acf_changed":true,"footnotes":""},"class_list":["post-866","page","type-page","status-publish","hentry"],"acf":[],"yoast_head":"<!-- This site is optimized with the Yoast SEO plugin v27.4 - https:\/\/yoast.com\/product\/yoast-seo-wordpress\/ -->\n<title>Stigmatisation - SIDA Canada<\/title>\n<meta name=\"robots\" content=\"index, follow, max-snippet:-1, max-image-preview:large, max-video-preview:-1\" \/>\n<link rel=\"canonical\" href=\"https:\/\/www.aidscanada.ca\/fr\/stigmatisation\/\" \/>\n<meta property=\"og:locale\" content=\"fr_FR\" \/>\n<meta property=\"og:type\" content=\"article\" \/>\n<meta property=\"og:title\" content=\"Stigmatisation - SIDA Canada\" \/>\n<meta property=\"og:description\" content=\"La stigmatisation et la discrimination li\u00e9es au VIH ont un impact significatif sur la sant\u00e9 et le bien-\u00eatre des personnes qui vivent avec le VIH ou qui risquent d&rsquo;\u00eatre expos\u00e9es au virus La stigmatisation li\u00e9e au VIH d\u00e9coule souvent de la peur, du manque de connaissances et des pr\u00e9jug\u00e9s existants \u00e0 l&rsquo;\u00e9gard des groupes de [&hellip;]\" \/>\n<meta property=\"og:url\" content=\"https:\/\/www.aidscanada.ca\/fr\/stigmatisation\/\" \/>\n<meta property=\"og:site_name\" content=\"SIDA Canada\" \/>\n<meta property=\"article:modified_time\" content=\"2025-02-21T15:27:04+00:00\" \/>\n<meta name=\"twitter:card\" content=\"summary_large_image\" \/>\n<meta name=\"twitter:label1\" content=\"Dur\u00e9e de lecture estim\u00e9e\" \/>\n\t<meta name=\"twitter:data1\" content=\"2 minutes\" \/>\n<script type=\"application\/ld+json\" class=\"yoast-schema-graph\">{\"@context\":\"https:\\\/\\\/schema.org\",\"@graph\":[{\"@type\":\"WebPage\",\"@id\":\"https:\\\/\\\/www.aidscanada.ca\\\/fr\\\/stigmatisation\\\/\",\"url\":\"https:\\\/\\\/www.aidscanada.ca\\\/fr\\\/stigmatisation\\\/\",\"name\":\"Stigmatisation - SIDA Canada\",\"isPartOf\":{\"@id\":\"https:\\\/\\\/www.aidscanada.ca\\\/fr\\\/#website\"},\"datePublished\":\"2025-02-21T15:21:01+00:00\",\"dateModified\":\"2025-02-21T15:27:04+00:00\",\"breadcrumb\":{\"@id\":\"https:\\\/\\\/www.aidscanada.ca\\\/fr\\\/stigmatisation\\\/#breadcrumb\"},\"inLanguage\":\"fr-FR\",\"potentialAction\":[{\"@type\":\"ReadAction\",\"target\":[\"https:\\\/\\\/www.aidscanada.ca\\\/fr\\\/stigmatisation\\\/\"]}]},{\"@type\":\"BreadcrumbList\",\"@id\":\"https:\\\/\\\/www.aidscanada.ca\\\/fr\\\/stigmatisation\\\/#breadcrumb\",\"itemListElement\":[{\"@type\":\"ListItem\",\"position\":1,\"name\":\"Accueil\",\"item\":\"https:\\\/\\\/www.aidscanada.ca\\\/fr\\\/\"},{\"@type\":\"ListItem\",\"position\":2,\"name\":\"Stigmatisation\"}]},{\"@type\":\"WebSite\",\"@id\":\"https:\\\/\\\/www.aidscanada.ca\\\/fr\\\/#website\",\"url\":\"https:\\\/\\\/www.aidscanada.ca\\\/fr\\\/\",\"name\":\"AIDS Canada\",\"description\":\"Empowering Communities: Leaving No One Behind\",\"publisher\":{\"@id\":\"https:\\\/\\\/www.aidscanada.ca\\\/fr\\\/#organization\"},\"potentialAction\":[{\"@type\":\"SearchAction\",\"target\":{\"@type\":\"EntryPoint\",\"urlTemplate\":\"https:\\\/\\\/www.aidscanada.ca\\\/fr\\\/?s={search_term_string}\"},\"query-input\":{\"@type\":\"PropertyValueSpecification\",\"valueRequired\":true,\"valueName\":\"search_term_string\"}}],\"inLanguage\":\"fr-FR\"},{\"@type\":\"Organization\",\"@id\":\"https:\\\/\\\/www.aidscanada.ca\\\/fr\\\/#organization\",\"name\":\"AIDS Canada\",\"url\":\"https:\\\/\\\/www.aidscanada.ca\\\/fr\\\/\",\"logo\":{\"@type\":\"ImageObject\",\"inLanguage\":\"fr-FR\",\"@id\":\"https:\\\/\\\/www.aidscanada.ca\\\/fr\\\/#\\\/schema\\\/logo\\\/image\\\/\",\"url\":\"https:\\\/\\\/www.aidscanada.ca\\\/wp-content\\\/uploads\\\/2025\\\/01\\\/cropped-leaf-1.png\",\"contentUrl\":\"https:\\\/\\\/www.aidscanada.ca\\\/wp-content\\\/uploads\\\/2025\\\/01\\\/cropped-leaf-1.png\",\"width\":512,\"height\":512,\"caption\":\"AIDS Canada\"},\"image\":{\"@id\":\"https:\\\/\\\/www.aidscanada.ca\\\/fr\\\/#\\\/schema\\\/logo\\\/image\\\/\"}}]}<\/script>\n<!-- \/ Yoast SEO plugin. -->","yoast_head_json":{"title":"Stigmatisation - SIDA Canada","robots":{"index":"index","follow":"follow","max-snippet":"max-snippet:-1","max-image-preview":"max-image-preview:large","max-video-preview":"max-video-preview:-1"},"canonical":"https:\/\/www.aidscanada.ca\/fr\/stigmatisation\/","og_locale":"fr_FR","og_type":"article","og_title":"Stigmatisation - SIDA Canada","og_description":"La stigmatisation et la discrimination li\u00e9es au VIH ont un impact significatif sur la sant\u00e9 et le bien-\u00eatre des personnes qui vivent avec le VIH ou qui risquent d&rsquo;\u00eatre expos\u00e9es au virus La stigmatisation li\u00e9e au VIH d\u00e9coule souvent de la peur, du manque de connaissances et des pr\u00e9jug\u00e9s existants \u00e0 l&rsquo;\u00e9gard des groupes de [&hellip;]","og_url":"https:\/\/www.aidscanada.ca\/fr\/stigmatisation\/","og_site_name":"SIDA Canada","article_modified_time":"2025-02-21T15:27:04+00:00","twitter_card":"summary_large_image","twitter_misc":{"Dur\u00e9e de lecture estim\u00e9e":"2 minutes"},"schema":{"@context":"https:\/\/schema.org","@graph":[{"@type":"WebPage","@id":"https:\/\/www.aidscanada.ca\/fr\/stigmatisation\/","url":"https:\/\/www.aidscanada.ca\/fr\/stigmatisation\/","name":"Stigmatisation - SIDA Canada","isPartOf":{"@id":"https:\/\/www.aidscanada.ca\/fr\/#website"},"datePublished":"2025-02-21T15:21:01+00:00","dateModified":"2025-02-21T15:27:04+00:00","breadcrumb":{"@id":"https:\/\/www.aidscanada.ca\/fr\/stigmatisation\/#breadcrumb"},"inLanguage":"fr-FR","potentialAction":[{"@type":"ReadAction","target":["https:\/\/www.aidscanada.ca\/fr\/stigmatisation\/"]}]},{"@type":"BreadcrumbList","@id":"https:\/\/www.aidscanada.ca\/fr\/stigmatisation\/#breadcrumb","itemListElement":[{"@type":"ListItem","position":1,"name":"Accueil","item":"https:\/\/www.aidscanada.ca\/fr\/"},{"@type":"ListItem","position":2,"name":"Stigmatisation"}]},{"@type":"WebSite","@id":"https:\/\/www.aidscanada.ca\/fr\/#website","url":"https:\/\/www.aidscanada.ca\/fr\/","name":"AIDS Canada","description":"Empowering Communities: Leaving No One Behind","publisher":{"@id":"https:\/\/www.aidscanada.ca\/fr\/#organization"},"potentialAction":[{"@type":"SearchAction","target":{"@type":"EntryPoint","urlTemplate":"https:\/\/www.aidscanada.ca\/fr\/?s={search_term_string}"},"query-input":{"@type":"PropertyValueSpecification","valueRequired":true,"valueName":"search_term_string"}}],"inLanguage":"fr-FR"},{"@type":"Organization","@id":"https:\/\/www.aidscanada.ca\/fr\/#organization","name":"AIDS Canada","url":"https:\/\/www.aidscanada.ca\/fr\/","logo":{"@type":"ImageObject","inLanguage":"fr-FR","@id":"https:\/\/www.aidscanada.ca\/fr\/#\/schema\/logo\/image\/","url":"https:\/\/www.aidscanada.ca\/wp-content\/uploads\/2025\/01\/cropped-leaf-1.png","contentUrl":"https:\/\/www.aidscanada.ca\/wp-content\/uploads\/2025\/01\/cropped-leaf-1.png","width":512,"height":512,"caption":"AIDS Canada"},"image":{"@id":"https:\/\/www.aidscanada.ca\/fr\/#\/schema\/logo\/image\/"}}]}},"_links":{"self":[{"href":"https:\/\/www.aidscanada.ca\/fr\/wp-json\/wp\/v2\/pages\/866","targetHints":{"allow":["GET"]}}],"collection":[{"href":"https:\/\/www.aidscanada.ca\/fr\/wp-json\/wp\/v2\/pages"}],"about":[{"href":"https:\/\/www.aidscanada.ca\/fr\/wp-json\/wp\/v2\/types\/page"}],"author":[{"embeddable":true,"href":"https:\/\/www.aidscanada.ca\/fr\/wp-json\/wp\/v2\/users\/3"}],"replies":[{"embeddable":true,"href":"https:\/\/www.aidscanada.ca\/fr\/wp-json\/wp\/v2\/comments?post=866"}],"version-history":[{"count":0,"href":"https:\/\/www.aidscanada.ca\/fr\/wp-json\/wp\/v2\/pages\/866\/revisions"}],"wp:attachment":[{"href":"https:\/\/www.aidscanada.ca\/fr\/wp-json\/wp\/v2\/media?parent=866"}],"curies":[{"name":"wp","href":"https:\/\/api.w.org\/{rel}","templated":true}]}}

<figure class="wp-block-embed is-type-video is-provider-youtube wp-block-embed-youtube wp-embed-aspect-16-9 wp-has-aspect-ratio"><div class="wp-block-embed__wrapper">
<iframe loading="lazy" title="Global Lessons, Local Actions: Harvey Michele" width="500" height="281" src="https://www.youtube.com/embed/GB2QvhEVWlc?feature=oembed" frameborder="0" allow="accelerometer; autoplay; clipboard-write; encrypted-media; gyroscope; picture-in-picture; web-share" referrerpolicy="strict-origin-when-cross-origin" allowfullscreen></iframe>
</div></figure>



<div class="video-title">
  <div class="video-title-name">Harvey Michele</div>
  <div class="video-title-location">Montréal (Québec)</div>
</div>



<h2 class="wp-block-heading">La stigmatisation et la discrimination liées au VIH ont un impact significatif sur la santé et le bien-être des personnes qui vivent avec le VIH ou qui risquent d&rsquo;être exposées au virus</h2>



<p>La stigmatisation liée au VIH découle souvent de la peur, du manque de connaissances et des préjugés existants à l&rsquo;égard des groupes de personnes les plus touchés par le virus. Il s&rsquo;agit notamment des hommes gais, bisexuels et autres hommes ayant des rapports sexuels avec des hommes, des peuples autochtones et des consommateurs de drogues injectables.</p>



<p>​La stigmatisation peut empêcher les gens de parler ouvertement du VIH avec les prestataires de soins de santé et peut rendre plus difficile le fait de se faire tester régulièrement et de connaitre leur statut. Cela peut également amener les personnes vivant avec le VIH à se sentir mal à l&rsquo;aise de divulguer leur statut à leurs partenaires, car leurs partenaires peuvent réagir de manière négative.</p>



<p>​Les épidémies s&rsquo;accompagnent souvent de la réémergence de stéréotypes néfastes et d&rsquo;une discrimination accrue contre les populations en quête d&rsquo;équité. Pendant la COVID-19 et le SRAS, par exemple, les communautés asiatiques ont souvent été la cible de racisme et de crimes haineux. Il est essentiel de contrer et de combattre les récits nuisibles qui déshumanisent des groupes de personnes pour contrer la stigmatisation.</p>



<figure class="wp-block-embed is-type-video is-provider-youtube wp-block-embed-youtube wp-embed-aspect-16-9 wp-has-aspect-ratio"><div class="wp-block-embed__wrapper">
<iframe loading="lazy" title="Global Lessons, Local Actions: Muluba Habanyama" width="500" height="281" src="https://www.youtube.com/embed/LIo9oVlD03E?feature=oembed" frameborder="0" allow="accelerometer; autoplay; clipboard-write; encrypted-media; gyroscope; picture-in-picture; web-share" referrerpolicy="strict-origin-when-cross-origin" allowfullscreen></iframe>
</div></figure>



<div class="video-title">
  <div class="video-title-name">Muluba Habanyama</div>
  <div class="video-title-location">Toronto (Ontario)</div>
</div>



<h2 class="wp-block-heading">Pour en savoir davantage au sujet de la stigmatisation</h2>



<ul class="wp-block-list">
<li><a href="https://www.canada.ca/fr/sante-publique/organisation/publications/rapports-etat-sante-publique-canada-administrateur-chef-sante-publique/lutte-contre-stigmatisation-vers-systeme-sante-plus-inclusif.html" target="_blank" rel="noreferrer noopener"><strong>Lutte contre la stigmatisation : vers un système de santé plus inclusif</strong></a></li>



<li><a href="https://www.catie.ca/fr/ii-guide-a-lintention-des-fournisseurs-de-services/lutter-contre-la-stigmatisation-et-la-discrimination-liees-au-vih" target="_blank" rel="noreferrer noopener"><strong>Lutter contre la stigmatisation et la discrimination liées au VIH</strong></a></li>



<li><a href="https://www.unaids.org/sites/default/files/media_asset/07-hiv-human-rights-factsheet-stigma-discrmination_fr.pdf" target="_blank" rel="noreferrer noopener"><strong>Le VIH, la stigmatisation et la discrimination</strong></a></li>



<li><a href="https://www.reachnexus.ca/deep-dive/the-canadian-hiv-stigma-index-project-ontario-implementation" target="_blank" rel="noreferrer noopener"><strong>The Canadian HIV Stigma Index Project</strong></a></li>
</ul>



<p></p>

<p>La stigmatisation et la discrimination liées au VIH ont un impact significatif sur la santé et le bien-être des personnes qui vivent avec le VIH ou qui risquent d&rsquo;être exposées au virus La stigmatisation liée au VIH découle souvent de la peur, du manque de connaissances et des préjugés existants à l&rsquo;égard des groupes de [&hellip;]</p>

<!-- This site is optimized with the Yoast SEO plugin v27.4 - https://yoast.com/product/yoast-seo-wordpress/ -->
<title>Stigmatisation - SIDA Canada</title>
<meta name="robots" content="index, follow, max-snippet:-1, max-image-preview:large, max-video-preview:-1" />
<link rel="canonical" href="https://www.aidscanada.ca/fr/stigmatisation/" />
<meta property="og:locale" content="fr_FR" />
<meta property="og:type" content="article" />
<meta property="og:title" content="Stigmatisation - SIDA Canada" />
<meta property="og:description" content="La stigmatisation et la discrimination liées au VIH ont un impact significatif sur la santé et le bien-être des personnes qui vivent avec le VIH ou qui risquent d&rsquo;être exposées au virus La stigmatisation liée au VIH découle souvent de la peur, du manque de connaissances et des préjugés existants à l&rsquo;égard des groupes de [&hellip;]" />
<meta property="og:url" content="https://www.aidscanada.ca/fr/stigmatisation/" />
<meta property="og:site_name" content="SIDA Canada" />
<meta property="article:modified_time" content="2025-02-21T15:27:04+00:00" />
<meta name="twitter:card" content="summary_large_image" />
<meta name="twitter:label1" content="Durée de lecture estimée" />
	<meta name="twitter:data1" content="2 minutes" />
<script type="application/ld+json" class="yoast-schema-graph">{"@context":"https:\/\/schema.org","@graph":[{"@type":"WebPage","@id":"https:\/\/www.aidscanada.ca\/fr\/stigmatisation\/","url":"https:\/\/www.aidscanada.ca\/fr\/stigmatisation\/","name":"Stigmatisation - SIDA Canada","isPartOf":{"@id":"https:\/\/www.aidscanada.ca\/fr\/#website"},"datePublished":"2025-02-21T15:21:01+00:00","dateModified":"2025-02-21T15:27:04+00:00","breadcrumb":{"@id":"https:\/\/www.aidscanada.ca\/fr\/stigmatisation\/#breadcrumb"},"inLanguage":"fr-FR","potentialAction":[{"@type":"ReadAction","target":["https:\/\/www.aidscanada.ca\/fr\/stigmatisation\/"]}]},{"@type":"BreadcrumbList","@id":"https:\/\/www.aidscanada.ca\/fr\/stigmatisation\/#breadcrumb","itemListElement":[{"@type":"ListItem","position":1,"name":"Accueil","item":"https:\/\/www.aidscanada.ca\/fr\/"},{"@type":"ListItem","position":2,"name":"Stigmatisation"}]},{"@type":"WebSite","@id":"https:\/\/www.aidscanada.ca\/fr\/#website","url":"https:\/\/www.aidscanada.ca\/fr\/","name":"AIDS Canada","description":"Empowering Communities: Leaving No One Behind","publisher":{"@id":"https:\/\/www.aidscanada.ca\/fr\/#organization"},"potentialAction":[{"@type":"SearchAction","target":{"@type":"EntryPoint","urlTemplate":"https:\/\/www.aidscanada.ca\/fr\/?s={search_term_string}"},"query-input":{"@type":"PropertyValueSpecification","valueRequired":true,"valueName":"search_term_string"}}],"inLanguage":"fr-FR"},{"@type":"Organization","@id":"https:\/\/www.aidscanada.ca\/fr\/#organization","name":"AIDS Canada","url":"https:\/\/www.aidscanada.ca\/fr\/","logo":{"@type":"ImageObject","inLanguage":"fr-FR","@id":"https:\/\/www.aidscanada.ca\/fr\/#\/schema\/logo\/image\/","url":"https:\/\/www.aidscanada.ca\/wp-content\/uploads\/2025\/01\/cropped-leaf-1.png","contentUrl":"https:\/\/www.aidscanada.ca\/wp-content\/uploads\/2025\/01\/cropped-leaf-1.png","width":512,"height":512,"caption":"AIDS Canada"},"image":{"@id":"https:\/\/www.aidscanada.ca\/fr\/#\/schema\/logo\/image\/"}}]}</script>
<!-- / Yoast SEO plugin. -->

La stigmatisation et la discrimination liées au VIH ont un impact significatif sur la santé et le bien-être des personnes qui vivent avec le VIH ou qui risquent d&rsquo;être exposées au virus La stigmatisation liée au VIH découle souvent de la peur, du manque de connaissances et des préjugés existants à l&rsquo;égard des groupes de [&hellip;]
